[INFO] fetching crate drteeth 0.2.1...
[INFO] checking drteeth-0.2.1 against master#e6e4f7ed1589e03bc2f6c5931c1a72e7947e8682 for beta-170-4
[INFO] extracting crate drteeth 0.2.1 into /workspace/builds/worker-5-tc2/source
[INFO] validating manifest of crates.io crate drteeth 0.2.1 on toolchain e6e4f7ed1589e03bc2f6c5931c1a72e7947e8682
[INFO] running `Command { std: CARGO_HOME="/workspace/cargo-home" RUSTUP_HOME="/workspace/rustup-home" "/workspace/cargo-home/bin/cargo" "+e6e4f7ed1589e03bc2f6c5931c1a72e7947e8682" "metadata" "--manifest-path" "Cargo.toml" "--no-deps", kill_on_drop: false }`
[INFO] started tweaking crates.io crate drteeth 0.2.1
[INFO] finished tweaking crates.io crate drteeth 0.2.1
[INFO] tweaked toml for crates.io crate drteeth 0.2.1 written to /workspace/builds/worker-5-tc2/source/Cargo.toml
[INFO] crate crates.io crate drteeth 0.2.1 already has a lockfile, it will not be regenerated
[INFO] running `Command { std: CARGO_HOME="/workspace/cargo-home" RUSTUP_HOME="/workspace/rustup-home" "/workspace/cargo-home/bin/cargo" "+e6e4f7ed1589e03bc2f6c5931c1a72e7947e8682" "fetch" "--manifest-path" "Cargo.toml", kill_on_drop: false }`
[INFO] running `Command { std: "docker" "create" "-v" "/var/lib/crater-agent-workspace/builds/worker-5-tc2/target:/opt/rustwide/target:rw,Z" "-v" "/var/lib/crater-agent-workspace/builds/worker-5-tc2/source:/opt/rustwide/workdir:ro,Z" "-v" "/var/lib/crater-agent-workspace/cargo-home:/opt/rustwide/cargo-home:ro,Z" "-v" "/var/lib/crater-agent-workspace/rustup-home:/opt/rustwide/rustup-home:ro,Z" "-e" "SOURCE_DIR=/opt/rustwide/workdir" "-e" "CARGO_TARGET_DIR=/opt/rustwide/target" "-e" "CARGO_HOME=/opt/rustwide/cargo-home" "-e" "RUSTUP_HOME=/opt/rustwide/rustup-home" "-w" "/opt/rustwide/workdir" "-m" "1610612736" "--user" "0:0" "--network" "none" "ghcr.io/rust-lang/crates-build-env/linux@sha256:19e73879b68f455e41552ea35293514db52ea292d993f571636dbffedb77a1ee" "/opt/rustwide/cargo-home/bin/cargo" "+e6e4f7ed1589e03bc2f6c5931c1a72e7947e8682" "metadata" "--no-deps" "--format-version=1", kill_on_drop: false }`
[INFO] [stdout] 5a0860bc022908b6bb69613ea06e542b83718d063682100b35de896eb36742ce
[INFO] running `Command { std: "docker" "start" "-a" "5a0860bc022908b6bb69613ea06e542b83718d063682100b35de896eb36742ce", kill_on_drop: false }`
[INFO] running `Command { std: "docker" "inspect" "5a0860bc022908b6bb69613ea06e542b83718d063682100b35de896eb36742ce", kill_on_drop: false }`
[INFO] running `Command { std: "docker" "rm" "-f" "5a0860bc022908b6bb69613ea06e542b83718d063682100b35de896eb36742ce", kill_on_drop: false }`
[INFO] [stdout] 5a0860bc022908b6bb69613ea06e542b83718d063682100b35de896eb36742ce
[INFO] running `Command { std: "docker" "create" "-v" "/var/lib/crater-agent-workspace/builds/worker-5-tc2/target:/opt/rustwide/target:rw,Z" "-v" "/var/lib/crater-agent-workspace/builds/worker-5-tc2/source:/opt/rustwide/workdir:ro,Z" "-v" "/var/lib/crater-agent-workspace/cargo-home:/opt/rustwide/cargo-home:ro,Z" "-v" "/var/lib/crater-agent-workspace/rustup-home:/opt/rustwide/rustup-home:ro,Z" "-e" "SOURCE_DIR=/opt/rustwide/workdir" "-e" "CARGO_TARGET_DIR=/opt/rustwide/target" "-e" "CARGO_INCREMENTAL=0" "-e" "RUST_BACKTRACE=full" "-e" "RUSTFLAGS=--cap-lints=forbid" "-e" "RUSTDOCFLAGS=--cap-lints=forbid" "-e" "CARGO_HOME=/opt/rustwide/cargo-home" "-e" "RUSTUP_HOME=/opt/rustwide/rustup-home" "-w" "/opt/rustwide/workdir" "-m" "1610612736" "--user" "0:0" "--network" "none" "ghcr.io/rust-lang/crates-build-env/linux@sha256:19e73879b68f455e41552ea35293514db52ea292d993f571636dbffedb77a1ee" "/opt/rustwide/cargo-home/bin/cargo" "+e6e4f7ed1589e03bc2f6c5931c1a72e7947e8682" "check" "--frozen" "--all" "--all-targets" "--message-format=json", kill_on_drop: false }`
[INFO] [stdout] d353bf21441b82bf8c97bcbe41feef8c92eb6326e53be6525af442110aae5af2
[INFO] running `Command { std: "docker" "start" "-a" "d353bf21441b82bf8c97bcbe41feef8c92eb6326e53be6525af442110aae5af2", kill_on_drop: false }`
[INFO] [stderr]    Compiling pkg-config v0.3.26
[INFO] [stderr]    Compiling serde v1.0.152
[INFO] [stderr]    Compiling smallvec v1.10.0
[INFO] [stderr]    Compiling version-compare v0.1.1
[INFO] [stderr]    Compiling libc v0.2.139
[INFO] [stderr]    Compiling proc-macro2 v1.0.50
[INFO] [stderr]    Compiling quote v1.0.23
[INFO] [stderr]    Compiling unicode-ident v1.0.6
[INFO] [stderr]    Compiling syn v1.0.107
[INFO] [stderr]    Compiling cfg-expr v0.11.0
[INFO] [stderr]    Compiling thiserror v1.0.38
[INFO] [stderr]    Compiling memchr v2.5.0
[INFO] [stderr]    Compiling indexmap v1.9.2
[INFO] [stderr]    Compiling hashbrown v0.12.3
[INFO] [stderr]    Compiling futures-core v0.3.25
[INFO] [stderr]    Compiling slab v0.4.7
[INFO] [stderr]    Compiling anyhow v1.0.68
[INFO] [stderr]    Compiling toml_datetime v0.5.1
[INFO] [stderr]    Compiling nom8 v0.2.0
[INFO] [stderr]    Compiling futures-task v0.3.25
[INFO] [stderr]    Compiling proc-macro-error-attr v1.0.4
[INFO] [stderr]     Checking pin-project-lite v0.2.9
[INFO] [stderr]    Compiling futures-util v0.3.25
[INFO] [stderr]    Compiling once_cell v1.17.0
[INFO] [stderr]    Compiling unicode-segmentation v1.10.0
[INFO] [stderr]    Compiling futures-channel v0.3.25
[INFO] [stderr]    Compiling cfg-expr v0.9.1
[INFO] [stderr]    Compiling heck v0.3.3
[INFO] [stderr]    Compiling version-compare v0.0.11
[INFO] [stderr]    Compiling ucd-trie v0.1.5
[INFO] [stderr]    Compiling gio v0.15.12
[INFO] [stderr]     Checking futures-io v0.3.25
[INFO] [stderr]    Compiling lock_api v0.4.9
[INFO] [stderr]    Compiling serde_derive v1.0.152
[INFO] [stderr]    Compiling crc32fast v1.3.2
[INFO] [stderr]    Compiling parking_lot_core v0.9.6
[INFO] [stderr]    Compiling log v0.4.17
[INFO] [stderr]    Compiling x11 v2.21.0
[INFO] [stderr]    Compiling gtk v0.15.5
[INFO] [stderr]    Compiling crossbeam-utils v0.8.14
[INFO] [stderr]    Compiling toml v0.5.11
[INFO] [stderr]    Compiling proc-macro-error v1.0.4
[INFO] [stderr]     Checking adler v1.0.2
[INFO] [stderr]     Checking miniz_oxide v0.6.2
[INFO] [stderr]     Checking tinyvec v1.6.0
[INFO] [stderr]     Checking futures-executor v0.3.25
[INFO] [stderr]    Compiling toml_edit v0.18.0
[INFO] [stderr]    Compiling x11-dl v2.21.0
[INFO] [stderr]    Compiling cc v1.0.78
[INFO] [stderr]     Checking parking_lot v0.12.1
[INFO] [stderr]     Checking flate2 v1.0.25
[INFO] [stderr]    Compiling system-deps v6.0.3
[INFO] [stderr]    Compiling system-deps v5.0.0
[INFO] [stderr]     Checking unicode-normalization v0.1.22
[INFO] [stderr]     Checking getrandom v0.2.8
[INFO] [stderr]     Checking bytes v1.3.0
[INFO] [stderr]    Compiling serde_json v1.0.91
[INFO] [stderr]    Compiling proc-macro-crate v1.3.0
[INFO] [stderr]    Compiling glib-sys v0.15.10
[INFO] [stderr]    Compiling gobject-sys v0.15.10
[INFO] [stderr]    Compiling gio-sys v0.15.10
[INFO] [stderr]    Compiling gdk-sys v0.15.1
[INFO] [stderr]    Compiling atk-sys v0.15.1
[INFO] [stderr]    Compiling cairo-sys-rs v0.15.1
[INFO] [stderr]    Compiling gdk-pixbuf-sys v0.15.10
[INFO] [stderr]    Compiling pango-sys v0.15.10
[INFO] [stderr]    Compiling gtk-sys v0.15.3
[INFO] [stderr]    Compiling soup2-sys v0.2.0
[INFO] [stderr]    Compiling javascriptcore-rs-sys v0.4.0
[INFO] [stderr]    Compiling webkit2gtk-sys v0.18.0
[INFO] [stderr]    Compiling thiserror-impl v1.0.38
[INFO] [stderr]    Compiling gdkx11-sys v0.15.1
[INFO] [stderr]    Compiling tao v0.16.0
[INFO] [stderr]     Checking unicode-bidi v0.3.10
[INFO] [stderr]     Checking itoa v1.0.5
[INFO] [stderr]     Checking cty v0.2.2
[INFO] [stderr]     Checking idna v0.3.0
[INFO] [stderr]     Checking crossbeam-channel v0.5.6
[INFO] [stderr]     Checking uuid v1.2.2
[INFO] [stderr]     Checking raw-window-handle v0.5.0
[INFO] [stderr]    Compiling glib-macros v0.15.11
[INFO] [stderr]    Compiling gtk3-macros v0.15.4
[INFO] [stderr]     Checking png v0.17.7
[INFO] [stderr]     Checking instant v0.1.12
[INFO] [stderr]    Compiling tokio v1.24.2
[INFO] [stderr]     Checking ryu v1.0.12
[INFO] [stderr]    Compiling wry v0.24.1
[INFO] [stderr]    Compiling pest v2.5.4
[INFO] [stderr]     Checking http v0.2.8
[INFO] [stderr]     Checking url v2.3.1
[INFO] [stderr]    Compiling tokio-macros v1.8.2
[INFO] [stderr]     Checking mio v0.8.5
[INFO] [stderr]     Checking num_cpus v1.15.0
[INFO] [stderr]     Checking socket2 v0.4.7
[INFO] [stderr]     Checking signal-hook-registry v1.4.0
[INFO] [stderr]    Compiling semver-parser v0.10.2
[INFO] [stderr]    Compiling semver v0.11.0
[INFO] [stderr]    Compiling rustc_version v0.3.3
[INFO] [stderr]     Checking glib v0.15.12
[INFO] [stderr]    Compiling field-offset v0.3.4
[INFO] [stderr]     Checking pango v0.15.10
[INFO] [stderr]     Checking cairo-rs v0.15.12
[INFO] [stderr]     Checking atk v0.15.1
[INFO] [stderr]     Checking javascriptcore-rs v0.16.0
[INFO] [stderr]     Checking gdk-pixbuf v0.15.11
[INFO] [stderr]     Checking soup2 v0.2.1
[INFO] [stderr]     Checking gdk v0.15.4
[INFO] [stderr]     Checking webkit2gtk v0.18.2
[INFO] [stderr]     Checking drteeth v0.2.1 (/opt/rustwide/workdir)
[INFO] [stdout] error[E0433]: failed to resolve: use of undeclared crate or module `axum`
[INFO] [stdout]   --> examples/axum.rs:19:5
[INFO] [stdout]    |
[INFO] [stdout] 19 | use axum::{
[INFO] [stdout]    |     ^^^^ use of undeclared crate or module `axum`
[INFO] [stdout] 
[INFO] [stdout] 
[INFO] [stdout] error[E0433]: failed to resolve: use of undeclared crate or module `axum`
[INFO] [stdout]   --> examples/todolist/main.rs:24:5
[INFO] [stdout]    |
[INFO] [stdout] 24 | use axum::{
[INFO] [stdout]    |     ^^^^ use of undeclared crate or module `axum`
[INFO] [stdout] 
[INFO] [stdout] 
[INFO] [stdout] error[E0432]: unresolved import `axum`
[INFO] [stdout]   --> examples/axum.rs:19:5
[INFO] [stdout]    |
[INFO] [stdout] 19 | use axum::{
[INFO] [stdout]    |     ^^^^ use of undeclared crate or module `axum`
[INFO] [stdout] 
[INFO] [stdout] 
[INFO] [stdout] error[E0433]: failed to resolve: use of undeclared crate or module `tide`
[INFO] [stdout]   --> examples/tide.rs:21:5
[INFO] [stdout]    |
[INFO] [stdout] 21 | use tide::prelude::*;
[INFO] [stdout]    |     ^^^^ use of undeclared crate or module `tide`
[INFO] [stdout] 
[INFO] [stdout] 
[INFO] [stdout] error[E0433]: failed to resolve: use of undeclared crate or module `async_std`
[INFO] [stdout]   --> examples/tide.rs:20:5
[INFO] [stdout]    |
[INFO] [stdout] 20 | use async_std::prelude::FutureExt;
[INFO] [stdout]    |     ^^^^^^^^^ use of undeclared crate or module `async_std`
[INFO] [stdout] 
[INFO] [stdout] 
[INFO] [stdout] error[E0432]: unresolved imports `async_std::prelude::FutureExt`, `tide`
[INFO] [stdout]   --> examples/tide.rs:20:5
[INFO] [stdout]    |
[INFO] [stdout] 20 | use async_std::prelude::FutureExt;
[INFO] [stdout]    |     ^^^^^^^^^^^^^^^^^^^^^^^^^^^^^
[INFO] [stdout] 21 | use tide::prelude::*;
[INFO] [stdout] 22 | use tide::Request;
[INFO] [stdout]    |     ^^^^ use of undeclared crate or module `tide`
[INFO] [stdout] 
[INFO] [stdout] 
[INFO] [stdout] error[E0432]: unresolved import `axum`
[INFO] [stdout]   --> examples/todolist/main.rs:24:5
[INFO] [stdout]    |
[INFO] [stdout] 24 | use axum::{
[INFO] [stdout]    |     ^^^^ use of undeclared crate or module `axum`
[INFO] [stdout] 
[INFO] [stdout] 
[INFO] [stdout] error[E0433]: failed to resolve: use of undeclared crate or module `async_std`
[INFO] [stdout]   --> examples/tide.rs:25:22
[INFO] [stdout]    |
[INFO] [stdout] 25 |     shutdown: Option<async_std::channel::Sender<()>>,
[INFO] [stdout]    |                      ^^^^^^^^^ use of undeclared crate or module `async_std`
[INFO] [stdout] 
[INFO] [stdout] 
[INFO] [stdout] error[E0432]: unresolved import `trillium`
[INFO] [stdout]   --> examples/trillium.rs:19:5
[INFO] [stdout]    |
[INFO] [stdout] 19 | use trillium::{Conn, KnownHeaderName};
[INFO] [stdout]    |     ^^^^^^^^ use of undeclared crate or module `trillium`
[INFO] [stdout] 
[INFO] [stdout] 
[INFO] [stdout] error[E0432]: unresolved import `trillium_router`
[INFO] [stdout]   --> examples/trillium.rs:20:5
[INFO] [stdout]    |
[INFO] [stdout] 20 | use trillium_router::Router;
[INFO] [stdout]    |     ^^^^^^^^^^^^^^^ use of undeclared crate or module `trillium_router`
[INFO] [stdout] 
[INFO] [stdout] 
[INFO] [stdout] error[E0433]: failed to resolve: use of undeclared crate or module `async_std`
[INFO] [stdout]   --> examples/tide.rs:48:38
[INFO] [stdout]    |
[INFO] [stdout] 48 |     let (shutdown_tx, shutdown_rx) = async_std::channel::bounded::<()>(1);
[INFO] [stdout]    |                                      ^^^^^^^^^ use of undeclared crate or module `async_std`
[INFO] [stdout] 
[INFO] [stdout] 
[INFO] [stdout] error[E0433]: failed to resolve: use of undeclared crate or module `trillium_smol`
[INFO] [stdout]   --> examples/trillium.rs:45:19
[INFO] [stdout]    |
[INFO] [stdout] 45 |     let stopper = trillium_smol::Stopper::new();
[INFO] [stdout]    |                   ^^^^^^^^^^^^^ use of undeclared crate or module `trillium_smol`
[INFO] [stdout] 
[INFO] [stdout] 
[INFO] [stdout] error: aborting due to 2 previous errors
[INFO] [stdout] 
[INFO] [stdout] 
[INFO] [stdout] Some errors have detailed explanations: E0432, E0433.
[INFO] [stdout] 
[INFO] [stdout] For more information about an error, try `rustc --explain E0432`.
[INFO] [stdout] 
[INFO] [stderr] error: could not compile `drteeth` (example "axum") due to 3 previous errors
[INFO] [stderr] warning: build failed, waiting for other jobs to finish...
[INFO] [stdout] error[E0433]: failed to resolve: use of undeclared crate or module `tide`
[INFO] [stdout]   --> examples/tide.rs:54:19
[INFO] [stdout]    |
[INFO] [stdout] 54 |     let mut app = tide::with_state(state);
[INFO] [stdout]    |                   ^^^^ use of undeclared crate or module `tide`
[INFO] [stdout] 
[INFO] [stdout] 
[INFO] [stdout] error[E0432]: unresolved import `sailfish`
[INFO] [stdout]   --> examples/todolist/main.rs:31:5
[INFO] [stdout]    |
[INFO] [stdout] 31 | use sailfish::TemplateOnce;
[INFO] [stdout]    |     ^^^^^^^^ use of undeclared crate or module `sailfish`
[INFO] [stdout] 
[INFO] [stdout] 
[INFO] [stdout] error[E0432]: unresolved import `toml`
[INFO] [stdout]   --> examples/todolist/main.rs:33:5
[INFO] [stdout]    |
[INFO] [stdout] 33 | use toml;
[INFO] [stdout]    |     ^^^^ no external crate `toml`
[INFO] [stdout] 
[INFO] [stdout] 
[INFO] [stdout] error[E0433]: failed to resolve: use of undeclared crate or module `trillium`
[INFO] [stdout]   --> examples/trillium.rs:53:29
[INFO] [stdout]    |
[INFO] [stdout] 53 |         .post("/shutdown", (trillium::state(state), shutdown));
[INFO] [stdout]    |                             ^^^^^^^^ use of undeclared crate or module `trillium`
[INFO] [stdout] 
[INFO] [stdout] 
[INFO] [stdout] error[E0432]: unresolved import `ulid`
[INFO] [stdout]   --> examples/todolist/main.rs:34:5
[INFO] [stdout]    |
[INFO] [stdout] 34 | use ulid::Ulid;
[INFO] [stdout]    |     ^^^^ use of undeclared crate or module `ulid`
[INFO] [stdout] 
[INFO] [stdout] 
[INFO] [stdout] error[E0433]: failed to resolve: use of undeclared crate or module `trillium_smol`
[INFO] [stdout]   --> examples/trillium.rs:63:18
[INFO] [stdout]    |
[INFO] [stdout] 63 |     let config = trillium_smol::config()
[INFO] [stdout]    |                  ^^^^^^^^^^^^^ use of undeclared crate or module `trillium_smol`
[INFO] [stdout] 
[INFO] [stdout] 
[INFO] [stdout] error[E0432]: unresolved import `sailfish`
[INFO] [stdout]  --> examples/todolist/components.rs:6:5
[INFO] [stdout]   |
[INFO] [stdout] 6 | use sailfish::TemplateOnce;
[INFO] [stdout]   |     ^^^^^^^^ use of undeclared crate or module `sailfish`
[INFO] [stdout] 
[INFO] [stdout] 
[INFO] [stdout] error[E0433]: failed to resolve: use of undeclared crate or module `serde`
[INFO] [stdout]   --> examples/todolist/main.rs:38:10
[INFO] [stdout]    |
[INFO] [stdout] 38 | #[derive(serde::Serialize, serde::Deserialize, Debug, Default)]
[INFO] [stdout]    |          ^^^^^ use of undeclared crate or module `serde`
[INFO] [stdout] 
[INFO] [stdout] 
[INFO] [stdout] error[E0433]: failed to resolve: use of undeclared crate or module `serde`
[INFO] [stdout]   --> examples/todolist/main.rs:38:28
[INFO] [stdout]    |
[INFO] [stdout] 38 | #[derive(serde::Serialize, serde::Deserialize, Debug, Default)]
[INFO] [stdout]    |                            ^^^^^ use of undeclared crate or module `serde`
[INFO] [stdout] 
[INFO] [stdout] 
[INFO] [stdout] error: cannot determine resolution for the derive macro `TemplateOnce`
[INFO] [stdout]  --> examples/todolist/components.rs:8:10
[INFO] [stdout]   |
[INFO] [stdout] 8 | #[derive(TemplateOnce)]
[INFO] [stdout]   |          ^^^^^^^^^^^^
[INFO] [stdout]   |
[INFO] [stdout]   = note: import resolution is stuck, try simplifying macro imports
[INFO] [stdout] 
[INFO] [stdout] 
[INFO] [stdout] error: cannot find attribute `template` in this scope
[INFO] [stdout]  --> examples/todolist/components.rs:9:3
[INFO] [stdout]   |
[INFO] [stdout] 9 | #[template(path = "layout.html.st")]
[INFO] [stdout]   |   ^^^^^^^^
[INFO] [stdout] 
[INFO] [stdout] 
[INFO] [stdout] error: cannot determine resolution for the derive macro `TemplateOnce`
[INFO] [stdout]   --> examples/todolist/components.rs:14:10
[INFO] [stdout]    |
[INFO] [stdout] 14 | #[derive(TemplateOnce)]
[INFO] [stdout]    |          ^^^^^^^^^^^^
[INFO] [stdout]    |
[INFO] [stdout]    = note: import resolution is stuck, try simplifying macro imports
[INFO] [stdout] 
[INFO] [stdout] 
[INFO] [stdout] error: cannot find attribute `template` in this scope
[INFO] [stdout]   --> examples/todolist/components.rs:15:3
[INFO] [stdout]    |
[INFO] [stdout] 15 | #[template(path = "items.html.st")]
[INFO] [stdout]    |   ^^^^^^^^
[INFO] [stdout] 
[INFO] [stdout] 
[INFO] [stdout] error: cannot determine resolution for the derive macro `TemplateOnce`
[INFO] [stdout]   --> examples/todolist/components.rs:20:10
[INFO] [stdout]    |
[INFO] [stdout] 20 | #[derive(TemplateOnce)]
[INFO] [stdout]    |          ^^^^^^^^^^^^
[INFO] [stdout]    |
[INFO] [stdout]    = note: import resolution is stuck, try simplifying macro imports
[INFO] [stdout] 
[INFO] [stdout] 
[INFO] [stdout] error: cannot find attribute `template` in this scope
[INFO] [stdout]   --> examples/todolist/components.rs:21:3
[INFO] [stdout]    |
[INFO] [stdout] 21 | #[template(path = "item.html.st")]
[INFO] [stdout]    |   ^^^^^^^^
[INFO] [stdout] 
[INFO] [stdout] 
[INFO] [stdout] error: cannot determine resolution for the derive macro `TemplateOnce`
[INFO] [stdout]   --> examples/todolist/components.rs:27:10
[INFO] [stdout]    |
[INFO] [stdout] 27 | #[derive(TemplateOnce)]
[INFO] [stdout]    |          ^^^^^^^^^^^^
[INFO] [stdout]    |
[INFO] [stdout]    = note: import resolution is stuck, try simplifying macro imports
[INFO] [stdout] 
[INFO] [stdout] 
[INFO] [stdout] error: cannot find attribute `template` in this scope
[INFO] [stdout]   --> examples/todolist/components.rs:28:3
[INFO] [stdout]    |
[INFO] [stdout] 28 | #[template(path = "newform.html.st")]
[INFO] [stdout]    |   ^^^^^^^^
[INFO] [stdout] 
[INFO] [stdout] 
[INFO] [stdout] error: cannot find attribute `serde` in this scope
[INFO] [stdout]   --> examples/todolist/main.rs:39:3
[INFO] [stdout]    |
[INFO] [stdout] 39 | #[serde(default)]
[INFO] [stdout]    |   ^^^^^
[INFO] [stdout] 
[INFO] [stdout] 
[INFO] [stdout] error[E0433]: failed to resolve: use of undeclared crate or module `tower_http`
[INFO] [stdout]    --> examples/todolist/main.rs:188:29
[INFO] [stdout]     |
[INFO] [stdout] 188 |                 get_service(tower_http::services::ServeDir::new(
[INFO] [stdout]     |                             ^^^^^^^^^^ use of undeclared crate or module `tower_http`
[INFO] [stdout] 
[INFO] [stdout] 
[INFO] [stdout] error[E0433]: failed to resolve: use of undeclared crate or module `ulid`
[INFO] [stdout]   --> examples/todolist/components.rs:23:21
[INFO] [stdout]    |
[INFO] [stdout] 23 |     pub id: &'state ulid::Ulid,
[INFO] [stdout]    |                     ^^^^ use of undeclared crate or module `ulid`
[INFO] [stdout] 
[INFO] [stdout] 
[INFO] [stdout] error: aborting due to 19 previous errors
[INFO] [stdout] 
[INFO] [stdout] 
[INFO] [stdout] Some errors have detailed explanations: E0432, E0433.
[INFO] [stdout] 
[INFO] [stdout] For more information about an error, try `rustc --explain E0432`.
[INFO] [stdout] 
[INFO] [stdout] error[E0433]: failed to resolve: use of undeclared crate or module `trillium_smol`
[INFO] [stdout]   --> examples/trillium.rs:23:15
[INFO] [stdout]    |
[INFO] [stdout] 23 |     shutdown: trillium_smol::Stopper,
[INFO] [stdout]    |               ^^^^^^^^^^^^^ use of undeclared crate or module `trillium_smol`
[INFO] [stdout] 
[INFO] [stdout] 
[INFO] [stdout] error: aborting due to 6 previous errors
[INFO] [stdout] 
[INFO] [stdout] 
[INFO] [stdout] Some errors have detailed explanations: E0432, E0433.
[INFO] [stdout] 
[INFO] [stdout] For more information about an error, try `rustc --explain E0432`.
[INFO] [stdout] 
[INFO] [stderr] error: could not compile `drteeth` (example "trillium") due to 7 previous errors
[INFO] [stderr] error: could not compile `drteeth` (example "todolist") due to 20 previous errors
[INFO] [stdout] error[E0599]: no method named `race` found for `async` block `[async block@examples/tide.rs:74:9: 76:10]` in the current scope
[INFO] [stdout]   --> examples/tide.rs:77:10
[INFO] [stdout]    |
[INFO] [stdout] 74 | /         async move {
[INFO] [stdout] 75 | |             app.listen(ear).await.unwrap();
[INFO] [stdout] 76 | |         }
[INFO] [stdout] 77 | |         .race(async move {
[INFO] [stdout]    | |         -^^^^ method not found in `[async block@examples/tide.rs:74:9: 76:10]`
[INFO] [stdout]    | |_________|
[INFO] [stdout]    | 
[INFO] [stdout] 
[INFO] [stdout] 
[INFO] [stdout] error[E0433]: failed to resolve: use of undeclared crate or module `tide`
[INFO] [stdout]   --> examples/tide.rs:28:53
[INFO] [stdout]    |
[INFO] [stdout] 28 | async fn index(_req: Request<Arc<Mutex<State>>>) -> tide::Result {
[INFO] [stdout]    |                                                     ^^^^ use of undeclared crate or module `tide`
[INFO] [stdout] 
[INFO] [stdout] 
[INFO] [stdout] error[E0433]: failed to resolve: use of undeclared crate or module `tide`
[INFO] [stdout]   --> examples/tide.rs:29:19
[INFO] [stdout]    |
[INFO] [stdout] 29 |     let mut resp: tide::Response = r#"Hello World. <form method="post" action="/shutdown"><input type="submit" value="Shut Down"></form>"...
[INFO] [stdout]    |                   ^^^^ use of undeclared crate or module `tide`
[INFO] [stdout] 
[INFO] [stdout] 
[INFO] [stdout] error[E0433]: failed to resolve: use of undeclared crate or module `tide`
[INFO] [stdout]   --> examples/tide.rs:34:55
[INFO] [stdout]    |
[INFO] [stdout] 34 | async fn shutdown(req: Request<Arc<Mutex<State>>>) -> tide::Result {
[INFO] [stdout]    |                                                       ^^^^ use of undeclared crate or module `tide`
[INFO] [stdout] 
[INFO] [stdout] 
[INFO] [stdout] error: aborting due to 10 previous errors
[INFO] [stdout] 
[INFO] [stdout] 
[INFO] [stdout] Some errors have detailed explanations: E0432, E0433, E0599.
[INFO] [stdout] 
[INFO] [stdout] For more information about an error, try `rustc --explain E0432`.
[INFO] [stdout] 
[INFO] [stderr] error: could not compile `drteeth` (example "tide") due to 11 previous errors
[INFO] running `Command { std: "docker" "inspect" "d353bf21441b82bf8c97bcbe41feef8c92eb6326e53be6525af442110aae5af2", kill_on_drop: false }`
[INFO] running `Command { std: "docker" "rm" "-f" "d353bf21441b82bf8c97bcbe41feef8c92eb6326e53be6525af442110aae5af2", kill_on_drop: false }`
[INFO] [stdout] d353bf21441b82bf8c97bcbe41feef8c92eb6326e53be6525af442110aae5af2
